{"id":2691,"date":"2020-12-12T13:54:28","date_gmt":"2020-12-12T11:54:28","guid":{"rendered":"http:\/\/www.fil-fle-lyon.com\/siteWP\/?page_id=2691"},"modified":"2025-12-01T16:28:49","modified_gmt":"2025-12-01T14:28:49","slug":"cours-lyon-6","status":"publish","type":"page","link":"https:\/\/www.fil-fle-lyon.com\/siteWP\/je-cherche-un-cours\/cours-lyon-6\/","title":{"rendered":"Cours Lyon 6"},"content":{"rendered":"\t\t<div data-elementor-type=\"wp-post\" data-elementor-id=\"2691\" class=\"elementor elementor-2691\">\n\t\t\t\t\t\t<section class=\"elementor-section elementor-top-section elementor-element elementor-element-2bfc3cc elementor-section-content-middle elementor-section-boxed elementor-section-height-default elementor-section-height-default\" data-id=\"2bfc3cc\" data-element_type=\"section\" data-e-type=\"section\" data-settings=\"{&quot;background_background&quot;:&quot;classic&quot;}\">\n\t\t\t\t\t\t\t<div class=\"elementor-background-overlay\"><\/div>\n\t\t\t\t\t\t\t<div class=\"elementor-container elementor-column-gap-no\">\n\t\t\t\t\t<div class=\"elementor-column elementor-col-100 elementor-top-column elementor-element elementor-element-5389244\" data-id=\"5389244\" data-element_type=\"column\" data-e-type=\"column\">\n\t\t\t<div class=\"elementor-widget-wrap elementor-element-populated\">\n\t\t\t\t\t\t<div class=\"elementor-element elementor-element-47a0381 elementor-align-center elementor-widget elementor-widget-button\" data-id=\"47a0381\" data-element_type=\"widget\" data-e-type=\"widget\" data-widget_type=\"button.default\">\n\t\t\t\t<div class=\"elementor-widget-container\">\n\t\t\t\t\t\t\t\t\t<div class=\"elementor-button-wrapper\">\n\t\t\t\t\t<a class=\"elementor-button elementor-button-link elementor-size-sm\" href=\"https:\/\/www.fil-fle-lyon.com\/siteWP\/je-cherche-un-cours\/\">\n\t\t\t\t\t\t<span class=\"elementor-button-content-wrapper\">\n\t\t\t\t\t\t\t\t\t<span class=\"elementor-button-text\">Revenir \u00e0 la page des cours<\/span>\n\t\t\t\t\t<\/span>\n\t\t\t\t\t<\/a>\n\t\t\t\t<\/div>\n\t\t\t\t\t\t\t\t<\/div>\n\t\t\t\t<\/div>\n\t\t\t\t<div class=\"elementor-element elementor-element-496cbe6 elementor-widget elementor-widget-heading\" data-id=\"496cbe6\" data-element_type=\"widget\" data-e-type=\"widget\" data-widget_type=\"heading.default\">\n\t\t\t\t<div class=\"elementor-widget-container\">\n\t\t\t\t\t<h1 class=\"elementor-heading-title elementor-size-default\">Cours de fran\u00e7ais Lyon 6\u00e8me : FLE <\/h1>\t\t\t\t<\/div>\n\t\t\t\t<\/div>\n\t\t\t\t<div class=\"elementor-element elementor-element-d33d219 elementor-widget elementor-widget-text-editor\" data-id=\"d33d219\" data-element_type=\"widget\" data-e-type=\"widget\" data-widget_type=\"text-editor.default\">\n\t\t\t\t<div class=\"elementor-widget-container\">\n\t\t\t\t\t\t\t\t\t<p><strong>Espace associatif Simone Andr\u00e9 : 100, rue Boileau 69006 LYON<\/strong><\/p>\t\t\t\t\t\t\t\t<\/div>\n\t\t\t\t<\/div>\n\t\t\t\t\t<\/div>\n\t\t<\/div>\n\t\t\t\t\t<\/div>\n\t\t<\/section>\n\t\t\t\t<section class=\"elementor-section elementor-top-section elementor-element elementor-element-e0e9080 elementor-section-content-middle elementor-section-boxed elementor-section-height-default elementor-section-height-default\" data-id=\"e0e9080\" data-element_type=\"section\" data-e-type=\"section\" data-settings=\"{&quot;background_background&quot;:&quot;classic&quot;}\">\n\t\t\t\t\t\t<div class=\"elementor-container elementor-column-gap-no\">\n\t\t\t\t\t<div class=\"elementor-column elementor-col-100 elementor-top-column elementor-element elementor-element-457e752\" data-id=\"457e752\" data-element_type=\"column\" data-e-type=\"column\">\n\t\t\t<div class=\"elementor-widget-wrap elementor-element-populated\">\n\t\t\t\t\t\t<div class=\"elementor-element elementor-element-462a69c elementor-widget elementor-widget-heading\" data-id=\"462a69c\" data-element_type=\"widget\" data-e-type=\"widget\" data-widget_type=\"heading.default\">\n\t\t\t\t<div class=\"elementor-widget-container\">\n\t\t\t\t\t<h3 class=\"elementor-heading-title elementor-size-default\">Flash Info<\/h3>\t\t\t\t<\/div>\n\t\t\t\t<\/div>\n\t\t\t\t<div class=\"elementor-element elementor-element-d1a719a elementor-widget elementor-widget-text-editor\" data-id=\"d1a719a\" data-element_type=\"widget\" data-e-type=\"widget\" data-widget_type=\"text-editor.default\">\n\t\t\t\t<div class=\"elementor-widget-container\">\n\t\t\t\t\t\t\t\t\t<p>Nouveaut\u00e9 dans le 6\u00e8 !\u00a0<\/p><p>Un cours de niveau B2 va commencer vendredi 5 d\u00e9cembre. Il y aura donc maintenant un cours de niveau B2 chaque semaine : &#8211; le vendredi de 14h30 \u00e0 16h30.<\/p><p>&#8211; 37 rue Bossuet \u2013 69006 LYON 4\u00e8 \u00e9tage.<\/p><p>Si vous \u00eates int\u00e9ress\u00e9(e), merci de venir vous inscrire le jeudi \u00e0 13h45 \u00e0 la MJC6, 100 rue Boileau, 69006.<\/p><p>Sinon aujourd&rsquo;hui les cours sont toujours complets et il n&rsquo;est plus possible de faire des inscriptions avant janvier 2026.<\/p><p>Rendez-vous donc l&rsquo;ann\u00e9e prochaine si vous le souhaitez !<\/p>\t\t\t\t\t\t\t\t<\/div>\n\t\t\t\t<\/div>\n\t\t\t\t\t<\/div>\n\t\t<\/div>\n\t\t\t\t\t<\/div>\n\t\t<\/section>\n\t\t\t\t<section class=\"elementor-section elementor-top-section elementor-element elementor-element-93b1161 elementor-section-content-middle elementor-section-boxed elementor-section-height-default elementor-section-height-default\" data-id=\"93b1161\" data-element_type=\"section\" data-e-type=\"section\" data-settings=\"{&quot;background_background&quot;:&quot;classic&quot;}\">\n\t\t\t\t\t\t<div class=\"elementor-container elementor-column-gap-no\">\n\t\t\t\t\t<div class=\"elementor-column elementor-col-100 elementor-top-column elementor-element elementor-element-a00a3fd\" data-id=\"a00a3fd\" data-element_type=\"column\" data-e-type=\"column\">\n\t\t\t<div class=\"elementor-widget-wrap elementor-element-populated\">\n\t\t\t\t\t\t<div class=\"elementor-element elementor-element-53c136c elementor-widget elementor-widget-heading\" data-id=\"53c136c\" data-element_type=\"widget\" data-e-type=\"widget\" data-widget_type=\"heading.default\">\n\t\t\t\t<div class=\"elementor-widget-container\">\n\t\t\t\t\t<h3 class=\"elementor-heading-title elementor-size-default\">Les cours<\/h3>\t\t\t\t<\/div>\n\t\t\t\t<\/div>\n\t\t\t\t<div class=\"elementor-element elementor-element-57853fe elementor-widget elementor-widget-heading\" data-id=\"57853fe\" data-element_type=\"widget\" data-e-type=\"widget\" data-widget_type=\"heading.default\">\n\t\t\t\t<div class=\"elementor-widget-container\">\n\t\t\t\t\t<h2 class=\"elementor-heading-title elementor-size-default\">Fran\u00e7ais langue \u00e9trang\u00e8re<\/h2>\t\t\t\t<\/div>\n\t\t\t\t<\/div>\n\t\t\t\t<div class=\"elementor-element elementor-element-fc606a4 elementor-widget elementor-widget-text-editor\" data-id=\"fc606a4\" data-element_type=\"widget\" data-e-type=\"widget\" data-widget_type=\"text-editor.default\">\n\t\t\t\t<div class=\"elementor-widget-container\">\n\t\t\t\t\t\t\t\t\t<p>Pour les adultes bien scolaris\u00e9s dans leur langue d&rsquo;origine ou ayant d\u00e9j\u00e0 un niveau \u00e9l\u00e9mentaire en fran\u00e7ais. (4 groupes : D\u00e9butants FLE, A1, A2, B1)<\/p>\t\t\t\t\t\t\t\t<\/div>\n\t\t\t\t<\/div>\n\t\t\t\t\t<\/div>\n\t\t<\/div>\n\t\t\t\t\t<\/div>\n\t\t<\/section>\n\t\t\t\t<section class=\"elementor-section elementor-top-section elementor-element elementor-element-0d66f62 elementor-section-content-middle elementor-section-boxed elementor-section-height-default elementor-section-height-default\" data-id=\"0d66f62\" data-element_type=\"section\" data-e-type=\"section\" data-settings=\"{&quot;background_background&quot;:&quot;classic&quot;}\">\n\t\t\t\t\t\t<div class=\"elementor-container elementor-column-gap-no\">\n\t\t\t\t\t<div class=\"elementor-column elementor-col-100 elementor-top-column elementor-element elementor-element-49e9f29\" data-id=\"49e9f29\" data-element_type=\"column\" data-e-type=\"column\">\n\t\t\t<div class=\"elementor-widget-wrap elementor-element-populated\">\n\t\t\t\t\t\t<div class=\"elementor-element elementor-element-e04e0d4 elementor-widget elementor-widget-heading\" data-id=\"e04e0d4\" data-element_type=\"widget\" data-e-type=\"widget\" data-widget_type=\"heading.default\">\n\t\t\t\t<div class=\"elementor-widget-container\">\n\t\t\t\t\t<h3 class=\"elementor-heading-title elementor-size-default\">Horaires des cours<\/h3>\t\t\t\t<\/div>\n\t\t\t\t<\/div>\n\t\t\t\t<div class=\"elementor-element elementor-element-de8f0be elementor-widget elementor-widget-text-editor\" data-id=\"de8f0be\" data-element_type=\"widget\" data-e-type=\"widget\" data-widget_type=\"text-editor.default\">\n\t\t\t\t<div class=\"elementor-widget-container\">\n\t\t\t\t\t\t\t\t\t<div class=\"\" data-block=\"true\" data-editor=\"7v7ni\" data-offset-key=\"tjvo-0-0\"><div class=\"public-DraftStyleDefault-block public-DraftStyleDefault-ltr\" data-offset-key=\"tjvo-0-0\"><span data-offset-key=\"tjvo-0-0\">Mardi et jeudi pendant l&rsquo;ann\u00e9e scolaire, hors vacances et jours f\u00e9ri\u00e9s<\/span><\/div><div class=\"public-DraftStyleDefault-block public-DraftStyleDefault-ltr\" data-offset-key=\"tjvo-0-0\"><span style=\"font-size: 16px;\">de 14 h \u00e0 16h <\/span><span style=\"font-size: 16px;\">soit 4 heures par semaine<\/span><\/div><\/div><div class=\"\" data-block=\"true\" data-editor=\"7v7ni\" data-offset-key=\"4h4ep-0-0\">\u00a0\u00a0<\/div>\t\t\t\t\t\t\t\t<\/div>\n\t\t\t\t<\/div>\n\t\t\t\t\t<\/div>\n\t\t<\/div>\n\t\t\t\t\t<\/div>\n\t\t<\/section>\n\t\t\t\t<section class=\"elementor-section elementor-top-section elementor-element elementor-element-7a3416b elementor-section-content-middle elementor-section-boxed elementor-section-height-default elementor-section-height-default\" data-id=\"7a3416b\" data-element_type=\"section\" data-e-type=\"section\" data-settings=\"{&quot;background_background&quot;:&quot;classic&quot;}\">\n\t\t\t\t\t\t<div class=\"elementor-container elementor-column-gap-no\">\n\t\t\t\t\t<div class=\"elementor-column elementor-col-100 elementor-top-column elementor-element elementor-element-d2e211d\" data-id=\"d2e211d\" data-element_type=\"column\" data-e-type=\"column\">\n\t\t\t<div class=\"elementor-widget-wrap elementor-element-populated\">\n\t\t\t\t\t\t<div class=\"elementor-element elementor-element-1533d37 elementor-widget elementor-widget-heading\" data-id=\"1533d37\" data-element_type=\"widget\" data-e-type=\"widget\" data-widget_type=\"heading.default\">\n\t\t\t\t<div class=\"elementor-widget-container\">\n\t\t\t\t\t<h3 class=\"elementor-heading-title elementor-size-default\">Tarifs et Inscriptions<\/h3>\t\t\t\t<\/div>\n\t\t\t\t<\/div>\n\t\t\t\t<div class=\"elementor-element elementor-element-f72e9a6 elementor-widget elementor-widget-text-editor\" data-id=\"f72e9a6\" data-element_type=\"widget\" data-e-type=\"widget\" data-widget_type=\"text-editor.default\">\n\t\t\t\t<div class=\"elementor-widget-container\">\n\t\t\t\t\t\t\t\t\t<div class=\"\" data-block=\"true\" data-editor=\"7v7ni\" data-offset-key=\"cq4va-0-0\"><div class=\"public-DraftStyleDefault-block public-DraftStyleDefault-ltr\" data-offset-key=\"cq4va-0-0\"><span data-offset-key=\"cq4va-0-0\">Tarifs : 40\u20ac\/an, d\u00e9gressifs en cours d&rsquo;ann\u00e9e scolaire.<br \/><\/span><\/div><\/div><div class=\"\" data-block=\"true\" data-editor=\"7v7ni\" data-offset-key=\"e0p3a-0-0\"><div class=\"public-DraftStyleDefault-block public-DraftStyleDefault-ltr\" data-offset-key=\"e0p3a-0-0\"><span data-offset-key=\"e0p3a-0-0\">Pour les inscriptions en cours d&rsquo;ann\u00e9e et pour toutes informations compl\u00e9mentaires,\u00a0<\/span><\/div><div class=\"public-DraftStyleDefault-block public-DraftStyleDefault-ltr\" data-offset-key=\"e0p3a-0-0\"><span data-offset-key=\"e0p3a-0-0\"><b>un accueil sera assur\u00e9 uniquement le mardi <\/b><\/span><span data-offset-key=\"e0p3a-0-0\"><b>de 14 h \u00e0 15 h (100 rue Boileau, Lyon 6)<\/b><\/span><\/div><div data-offset-key=\"e0p3a-0-0\">\u00a0<\/div><\/div>\t\t\t\t\t\t\t\t<\/div>\n\t\t\t\t<\/div>\n\t\t\t\t\t<\/div>\n\t\t<\/div>\n\t\t\t\t\t<\/div>\n\t\t<\/section>\n\t\t\t\t<section class=\"elementor-section elementor-top-section elementor-element elementor-element-a620461 elementor-section-boxed elementor-section-height-default elementor-section-height-default\" data-id=\"a620461\" data-element_type=\"section\" data-e-type=\"section\" data-settings=\"{&quot;background_background&quot;:&quot;classic&quot;}\">\n\t\t\t\t\t\t<div class=\"elementor-container elementor-column-gap-default\">\n\t\t\t\t\t<div class=\"elementor-column elementor-col-100 elementor-top-column elementor-element elementor-element-684c60c\" data-id=\"684c60c\" data-element_type=\"column\" data-e-type=\"column\">\n\t\t\t<div class=\"elementor-widget-wrap elementor-element-populated\">\n\t\t\t\t\t\t<div class=\"elementor-element elementor-element-f7cc51a elementor-widget elementor-widget-osm-map-elementor\" data-id=\"f7cc51a\" data-element_type=\"widget\" data-e-type=\"widget\" data-widget_type=\"osm-map-elementor.default\">\n\t\t\t\t<div class=\"elementor-widget-container\">\n\t\t\t\t\t<div id=\"osm-map-f7cc51a\" \n        class=\"osm-map-container\" \n        data-center=\"45.767786770607,4.8490399969841\"><\/div>        <script type=\"text\/javascript\">\n                    <\/script>\n        \t\t\t\t<\/div>\n\t\t\t\t<\/div>\n\t\t\t\t\t<\/div>\n\t\t<\/div>\n\t\t\t\t\t<\/div>\n\t\t<\/section>\n\t\t\t\t<section class=\"elementor-section elementor-top-section elementor-element elementor-element-c49427f elementor-section-boxed elementor-section-height-default elementor-section-height-default\" data-id=\"c49427f\" data-element_type=\"section\" data-e-type=\"section\">\n\t\t\t\t\t\t<div class=\"elementor-container elementor-column-gap-default\">\n\t\t\t\t\t<div class=\"elementor-column elementor-col-100 elementor-top-column elementor-element elementor-element-537d9dc\" data-id=\"537d9dc\" data-element_type=\"column\" data-e-type=\"column\">\n\t\t\t<div class=\"elementor-widget-wrap elementor-element-populated\">\n\t\t\t\t\t\t<div class=\"elementor-element elementor-element-7720632 elementor-align-center elementor-widget elementor-widget-button\" data-id=\"7720632\" data-element_type=\"widget\" data-e-type=\"widget\" data-widget_type=\"button.default\">\n\t\t\t\t<div class=\"elementor-widget-container\">\n\t\t\t\t\t\t\t\t\t<div class=\"elementor-button-wrapper\">\n\t\t\t\t\t<a class=\"elementor-button elementor-button-link elementor-size-sm\" href=\"https:\/\/www.fil-fle-lyon.com\/siteWP\/je-cherche-un-cours\/\">\n\t\t\t\t\t\t<span class=\"elementor-button-content-wrapper\">\n\t\t\t\t\t\t\t\t\t<span class=\"elementor-button-text\">Revenir \u00e0 la page des cours<\/span>\n\t\t\t\t\t<\/span>\n\t\t\t\t\t<\/a>\n\t\t\t\t<\/div>\n\t\t\t\t\t\t\t\t<\/div>\n\t\t\t\t<\/div>\n\t\t\t\t\t<\/div>\n\t\t<\/div>\n\t\t\t\t\t<\/div>\n\t\t<\/section>\n\t\t\t\t<\/div>\n\t\t","protected":false},"excerpt":{"rendered":"<p>Revenir \u00e0 la page des cours Cours de fran\u00e7ais Lyon 6\u00e8me : FLE Espace associatif Simone Andr\u00e9 : 100, rue Boileau 69006 LYON Flash Info Nouveaut\u00e9 dans le 6\u00e8 !\u00a0 Un cours de niveau B2 va commencer vendredi 5 d\u00e9cembre. Il y aura donc maintenant un cours de niveau B2 chaque semaine : &#8211; le [&hellip;]<\/p>\n","protected":false},"author":15,"featured_media":0,"parent":2168,"menu_order":0,"comment_status":"closed","ping_status":"closed","template":"","meta":{"site-sidebar-layout":"no-sidebar","site-content-layout":"page-builder","ast-site-content-layout":"default","site-content-style":"default","site-sidebar-style":"default","ast-global-header-display":"","ast-banner-title-visibility":"","ast-main-header-display":"","ast-hfb-above-header-display":"","ast-hfb-below-header-display":"","ast-hfb-mobile-header-display":"","site-post-title":"","ast-breadcrumbs-content":"","ast-featured-img":"disabled","footer-sml-layout":"","ast-disable-related-posts":"","theme-transparent-header-meta":"enabled","adv-header-id-meta":"","stick-header-meta":"","header-above-stick-meta":"","header-main-stick-meta":"","header-below-stick-meta":"","astra-migrate-meta-layouts":"default","ast-page-background-enabled":"default","ast-page-background-meta":{"desktop":{"background-color":"","background-image":"","background-repeat":"repeat","background-position":"center center","background-size":"auto","background-attachment":"scroll","background-type":"","background-media":"","overlay-type":"","overlay-color":"","overlay-opacity":"","overlay-gradient":""},"tablet":{"background-color":"","background-image":"","background-repeat":"repeat","background-position":"center center","background-size":"auto","background-attachment":"scroll","background-type":"","background-media":"","overlay-type":"","overlay-color":"","overlay-opacity":"","overlay-gradient":""},"mobile":{"background-color":"","background-image":"","background-repeat":"repeat","background-position":"center center","background-size":"auto","background-attachment":"scroll","background-type":"","background-media":"","overlay-type":"","overlay-color":"","overlay-opacity":"","overlay-gradient":""}},"ast-content-background-meta":{"desktop":{"background-color":"var(--ast-global-color-5)","background-image":"","background-repeat":"repeat","background-position":"center center","background-size":"auto","background-attachment":"scroll","background-type":"","background-media":"","overlay-type":"","overlay-color":"","overlay-opacity":"","overlay-gradient":""},"tablet":{"background-color":"var(--ast-global-color-5)","background-image":"","background-repeat":"repeat","background-position":"center center","background-size":"auto","background-attachment":"scroll","background-type":"","background-media":"","overlay-type":"","overlay-color":"","overlay-opacity":"","overlay-gradient":""},"mobile":{"background-color":"var(--ast-global-color-5)","background-image":"","background-repeat":"repeat","background-position":"center center","background-size":"auto","background-attachment":"scroll","background-type":"","background-media":"","overlay-type":"","overlay-color":"","overlay-opacity":"","overlay-gradient":""}},"footnotes":""},"coauthors":[42],"class_list":["post-2691","page","type-page","status-publish","hentry"],"yoast_head":"<!-- This site is optimized with the Yoast SEO plugin v27.5 - https:\/\/yoast.com\/product\/yoast-seo-wordpress\/ -->\n<title>Cours Lyon 6 - FIL<\/title>\n<meta name=\"description\" content=\"Association FIL, Cours de fran\u00e7ais pour migrants, enseignement pour demandeurs d&#039;asile, FLE, Fran\u00e7ais Langue Etrang\u00e8re, formateurs b\u00e9n\u00e9voles.\" \/>\n<meta name=\"robots\" content=\"index, follow, max-snippet:-1, max-image-preview:large, max-video-preview:-1\" \/>\n<link rel=\"canonical\" href=\"https:\/\/www.fil-fle-lyon.com\/siteWP\/je-cherche-un-cours\/cours-lyon-6\/\" \/>\n<meta property=\"og:locale\" content=\"fr_FR\" \/>\n<meta property=\"og:type\" content=\"article\" \/>\n<meta property=\"og:title\" content=\"Cours Lyon 6 - FIL\" \/>\n<meta property=\"og:description\" content=\"Association FIL, Cours de fran\u00e7ais pour migrants, enseignement pour demandeurs d&#039;asile, FLE, Fran\u00e7ais Langue Etrang\u00e8re, formateurs b\u00e9n\u00e9voles.\" \/>\n<meta property=\"og:url\" content=\"https:\/\/www.fil-fle-lyon.com\/siteWP\/je-cherche-un-cours\/cours-lyon-6\/\" \/>\n<meta property=\"og:site_name\" content=\"FIL\" \/>\n<meta property=\"article:modified_time\" content=\"2025-12-01T14:28:49+00:00\" \/>\n<meta name=\"twitter:card\" content=\"summary_large_image\" \/>\n<script type=\"application\/ld+json\" class=\"yoast-schema-graph\">{\"@context\":\"https:\\\/\\\/schema.org\",\"@graph\":[{\"@type\":\"WebPage\",\"@id\":\"https:\\\/\\\/www.fil-fle-lyon.com\\\/siteWP\\\/je-cherche-un-cours\\\/cours-lyon-6\\\/\",\"url\":\"https:\\\/\\\/www.fil-fle-lyon.com\\\/siteWP\\\/je-cherche-un-cours\\\/cours-lyon-6\\\/\",\"name\":\"Cours Lyon 6 - FIL\",\"isPartOf\":{\"@id\":\"https:\\\/\\\/www.fil-fle-lyon.com\\\/siteWP\\\/#website\"},\"datePublished\":\"2020-12-12T11:54:28+00:00\",\"dateModified\":\"2025-12-01T14:28:49+00:00\",\"description\":\"Association FIL, Cours de fran\u00e7ais pour migrants, enseignement pour demandeurs d'asile, FLE, Fran\u00e7ais Langue Etrang\u00e8re, formateurs b\u00e9n\u00e9voles.\",\"breadcrumb\":{\"@id\":\"https:\\\/\\\/www.fil-fle-lyon.com\\\/siteWP\\\/je-cherche-un-cours\\\/cours-lyon-6\\\/#breadcrumb\"},\"inLanguage\":\"fr-FR\",\"potentialAction\":[{\"@type\":\"ReadAction\",\"target\":[\"https:\\\/\\\/www.fil-fle-lyon.com\\\/siteWP\\\/je-cherche-un-cours\\\/cours-lyon-6\\\/\"]}]},{\"@type\":\"BreadcrumbList\",\"@id\":\"https:\\\/\\\/www.fil-fle-lyon.com\\\/siteWP\\\/je-cherche-un-cours\\\/cours-lyon-6\\\/#breadcrumb\",\"itemListElement\":[{\"@type\":\"ListItem\",\"position\":1,\"name\":\"Accueil\",\"item\":\"https:\\\/\\\/www.fil-fle-lyon.com\\\/siteWP\\\/\"},{\"@type\":\"ListItem\",\"position\":2,\"name\":\"Je cherche un cours\",\"item\":\"https:\\\/\\\/www.fil-fle-lyon.com\\\/siteWP\\\/je-cherche-un-cours\\\/\"},{\"@type\":\"ListItem\",\"position\":3,\"name\":\"Cours Lyon 6\"}]},{\"@type\":\"WebSite\",\"@id\":\"https:\\\/\\\/www.fil-fle-lyon.com\\\/siteWP\\\/#website\",\"url\":\"https:\\\/\\\/www.fil-fle-lyon.com\\\/siteWP\\\/\",\"name\":\"FIL\",\"description\":\"Faciliter l&#039;insertion par la langage\",\"publisher\":{\"@id\":\"https:\\\/\\\/www.fil-fle-lyon.com\\\/siteWP\\\/#organization\"},\"potentialAction\":[{\"@type\":\"SearchAction\",\"target\":{\"@type\":\"EntryPoint\",\"urlTemplate\":\"https:\\\/\\\/www.fil-fle-lyon.com\\\/siteWP\\\/?s={search_term_string}\"},\"query-input\":{\"@type\":\"PropertyValueSpecification\",\"valueRequired\":true,\"valueName\":\"search_term_string\"}}],\"inLanguage\":\"fr-FR\"},{\"@type\":\"Organization\",\"@id\":\"https:\\\/\\\/www.fil-fle-lyon.com\\\/siteWP\\\/#organization\",\"name\":\"FIL (faciliter l'i\",\"url\":\"https:\\\/\\\/www.fil-fle-lyon.com\\\/siteWP\\\/\",\"logo\":{\"@type\":\"ImageObject\",\"inLanguage\":\"fr-FR\",\"@id\":\"https:\\\/\\\/www.fil-fle-lyon.com\\\/siteWP\\\/#\\\/schema\\\/logo\\\/image\\\/\",\"url\":\"https:\\\/\\\/www.fil-fle-lyon.com\\\/siteWP\\\/wp-content\\\/uploads\\\/2020\\\/12\\\/cropped-fil-baseline1-12_2016-1-2.jpg\",\"contentUrl\":\"https:\\\/\\\/www.fil-fle-lyon.com\\\/siteWP\\\/wp-content\\\/uploads\\\/2020\\\/12\\\/cropped-fil-baseline1-12_2016-1-2.jpg\",\"width\":1130,\"height\":421,\"caption\":\"FIL (faciliter l'i\"},\"image\":{\"@id\":\"https:\\\/\\\/www.fil-fle-lyon.com\\\/siteWP\\\/#\\\/schema\\\/logo\\\/image\\\/\"}}]}<\/script>\n<!-- \/ Yoast SEO plugin. -->","yoast_head_json":{"title":"Cours Lyon 6 - FIL","description":"Association FIL, Cours de fran\u00e7ais pour migrants, enseignement pour demandeurs d'asile, FLE, Fran\u00e7ais Langue Etrang\u00e8re, formateurs b\u00e9n\u00e9voles.","robots":{"index":"index","follow":"follow","max-snippet":"max-snippet:-1","max-image-preview":"max-image-preview:large","max-video-preview":"max-video-preview:-1"},"canonical":"https:\/\/www.fil-fle-lyon.com\/siteWP\/je-cherche-un-cours\/cours-lyon-6\/","og_locale":"fr_FR","og_type":"article","og_title":"Cours Lyon 6 - FIL","og_description":"Association FIL, Cours de fran\u00e7ais pour migrants, enseignement pour demandeurs d'asile, FLE, Fran\u00e7ais Langue Etrang\u00e8re, formateurs b\u00e9n\u00e9voles.","og_url":"https:\/\/www.fil-fle-lyon.com\/siteWP\/je-cherche-un-cours\/cours-lyon-6\/","og_site_name":"FIL","article_modified_time":"2025-12-01T14:28:49+00:00","twitter_card":"summary_large_image","schema":{"@context":"https:\/\/schema.org","@graph":[{"@type":"WebPage","@id":"https:\/\/www.fil-fle-lyon.com\/siteWP\/je-cherche-un-cours\/cours-lyon-6\/","url":"https:\/\/www.fil-fle-lyon.com\/siteWP\/je-cherche-un-cours\/cours-lyon-6\/","name":"Cours Lyon 6 - FIL","isPartOf":{"@id":"https:\/\/www.fil-fle-lyon.com\/siteWP\/#website"},"datePublished":"2020-12-12T11:54:28+00:00","dateModified":"2025-12-01T14:28:49+00:00","description":"Association FIL, Cours de fran\u00e7ais pour migrants, enseignement pour demandeurs d'asile, FLE, Fran\u00e7ais Langue Etrang\u00e8re, formateurs b\u00e9n\u00e9voles.","breadcrumb":{"@id":"https:\/\/www.fil-fle-lyon.com\/siteWP\/je-cherche-un-cours\/cours-lyon-6\/#breadcrumb"},"inLanguage":"fr-FR","potentialAction":[{"@type":"ReadAction","target":["https:\/\/www.fil-fle-lyon.com\/siteWP\/je-cherche-un-cours\/cours-lyon-6\/"]}]},{"@type":"BreadcrumbList","@id":"https:\/\/www.fil-fle-lyon.com\/siteWP\/je-cherche-un-cours\/cours-lyon-6\/#breadcrumb","itemListElement":[{"@type":"ListItem","position":1,"name":"Accueil","item":"https:\/\/www.fil-fle-lyon.com\/siteWP\/"},{"@type":"ListItem","position":2,"name":"Je cherche un cours","item":"https:\/\/www.fil-fle-lyon.com\/siteWP\/je-cherche-un-cours\/"},{"@type":"ListItem","position":3,"name":"Cours Lyon 6"}]},{"@type":"WebSite","@id":"https:\/\/www.fil-fle-lyon.com\/siteWP\/#website","url":"https:\/\/www.fil-fle-lyon.com\/siteWP\/","name":"FIL","description":"Faciliter l&#039;insertion par la langage","publisher":{"@id":"https:\/\/www.fil-fle-lyon.com\/siteWP\/#organization"},"potentialAction":[{"@type":"SearchAction","target":{"@type":"EntryPoint","urlTemplate":"https:\/\/www.fil-fle-lyon.com\/siteWP\/?s={search_term_string}"},"query-input":{"@type":"PropertyValueSpecification","valueRequired":true,"valueName":"search_term_string"}}],"inLanguage":"fr-FR"},{"@type":"Organization","@id":"https:\/\/www.fil-fle-lyon.com\/siteWP\/#organization","name":"FIL (faciliter l'i","url":"https:\/\/www.fil-fle-lyon.com\/siteWP\/","logo":{"@type":"ImageObject","inLanguage":"fr-FR","@id":"https:\/\/www.fil-fle-lyon.com\/siteWP\/#\/schema\/logo\/image\/","url":"https:\/\/www.fil-fle-lyon.com\/siteWP\/wp-content\/uploads\/2020\/12\/cropped-fil-baseline1-12_2016-1-2.jpg","contentUrl":"https:\/\/www.fil-fle-lyon.com\/siteWP\/wp-content\/uploads\/2020\/12\/cropped-fil-baseline1-12_2016-1-2.jpg","width":1130,"height":421,"caption":"FIL (faciliter l'i"},"image":{"@id":"https:\/\/www.fil-fle-lyon.com\/siteWP\/#\/schema\/logo\/image\/"}}]}},"_links":{"self":[{"href":"https:\/\/www.fil-fle-lyon.com\/siteWP\/wp-json\/wp\/v2\/pages\/2691","targetHints":{"allow":["GET"]}}],"collection":[{"href":"https:\/\/www.fil-fle-lyon.com\/siteWP\/wp-json\/wp\/v2\/pages"}],"about":[{"href":"https:\/\/www.fil-fle-lyon.com\/siteWP\/wp-json\/wp\/v2\/types\/page"}],"author":[{"embeddable":true,"href":"https:\/\/www.fil-fle-lyon.com\/siteWP\/wp-json\/wp\/v2\/users\/15"}],"replies":[{"embeddable":true,"href":"https:\/\/www.fil-fle-lyon.com\/siteWP\/wp-json\/wp\/v2\/comments?post=2691"}],"version-history":[{"count":239,"href":"https:\/\/www.fil-fle-lyon.com\/siteWP\/wp-json\/wp\/v2\/pages\/2691\/revisions"}],"predecessor-version":[{"id":5753,"href":"https:\/\/www.fil-fle-lyon.com\/siteWP\/wp-json\/wp\/v2\/pages\/2691\/revisions\/5753"}],"up":[{"embeddable":true,"href":"https:\/\/www.fil-fle-lyon.com\/siteWP\/wp-json\/wp\/v2\/pages\/2168"}],"wp:attachment":[{"href":"https:\/\/www.fil-fle-lyon.com\/siteWP\/wp-json\/wp\/v2\/media?parent=2691"}],"wp:term":[{"taxonomy":"author","embeddable":true,"href":"https:\/\/www.fil-fle-lyon.com\/siteWP\/wp-json\/wp\/v2\/coauthors?post=2691"}],"curies":[{"name":"wp","href":"https:\/\/api.w.org\/{rel}","templated":true}]}}